{"id":1803,"date":"2023-04-17T08:07:46","date_gmt":"2023-04-17T06:07:46","guid":{"rendered":"https:\/\/htbu-ev.de\/htvb\/?page_id=1803"},"modified":"2024-02-22T19:46:07","modified_gmt":"2024-02-22T18:46:07","slug":"mach-mit","status":"publish","type":"page","link":"https:\/\/htbu-ev.de\/htvb\/mach-mit\/","title":{"rendered":"&#8222;mach mit&#8220;"},"content":{"rendered":"<p>[et_pb_section fb_built=&#8220;1&#8243; _builder_version=&#8220;4.21.0&#8243; _module_preset=&#8220;default&#8220; global_colors_info=&#8220;{}&#8220;][et_pb_row _builder_version=&#8220;4.21.0&#8243; _module_preset=&#8220;default&#8220; global_colors_info=&#8220;{}&#8220;][et_pb_column type=&#8220;4_4&#8243; _builder_version=&#8220;4.17.3&#8243; _module_preset=&#8220;default&#8220; global_colors_info=&#8220;{}&#8220;][et_pb_text _builder_version=&#8220;4.21.0&#8243; _module_preset=&#8220;default&#8220; text_text_color=&#8220;#FFFFFF&#8220; text_font_size=&#8220;25px&#8220; text_letter_spacing=&#8220;3px&#8220; background_color=&#8220;#004c99&#8243; global_colors_info=&#8220;{}&#8220;]<\/p>\n<p>&#8222;Mach mit&#8220; &#8230;<\/p>\n<p>[\/et_pb_text][\/et_pb_column][\/et_pb_row][et_pb_row column_structure=&#8220;1_3,1_3,1_3&#8243; _builder_version=&#8220;4.21.0&#8243; _module_preset=&#8220;default&#8220; min_height=&#8220;240px&#8220; global_colors_info=&#8220;{}&#8220;][et_pb_column type=&#8220;1_3&#8243; _builder_version=&#8220;4.17.3&#8243; _module_preset=&#8220;default&#8220; global_colors_info=&#8220;{}&#8220;][et_pb_text _builder_version=&#8220;4.21.0&#8243; _module_preset=&#8220;default&#8220; global_colors_info=&#8220;{}&#8220;]<\/p>\n<h4>&#8230; als Sportler.<\/h4>\n<p>Du hast ein Probetraining mitgemacht, der Trainer hat genickt, dann das PDF Formular ausf\u00fcllen und abgeben.<\/p>\n<p>Leider k\u00f6nnen wir das Angebot\u00a0 nicht kostenlos anbieten, deswegen hier die anfallenden Kosten f\u00fcr die Teilnahme :<\/p>\n<p>&nbsp;<\/p>\n<p>Leider haben wir zurzeit keine freien Pl\u00e4tze !!!!!!!!!!!!!!!!!!!!!!!!!!!!!!!!!!!!!!!!!!!!!!!!!!!!!!!!!!!!!!!!!!!!!!!<\/p>\n<p>[\/et_pb_text][\/et_pb_column][et_pb_column type=&#8220;1_3&#8243; _builder_version=&#8220;4.17.3&#8243; _module_preset=&#8220;default&#8220; global_colors_info=&#8220;{}&#8220;][et_pb_text _builder_version=&#8220;4.17.3&#8243; _module_preset=&#8220;default&#8220; custom_padding=&#8220;21px|||||&#8220; global_colors_info=&#8220;{}&#8220;]<\/p>\n<ul>\n<li>Kinder \/ Jugendliche (U18)\u00a0 :\n<ul>\n<li>18,00 \u20ac im Monat (54,00 \u20ac im Quartal)<\/li>\n<\/ul>\n<\/li>\n<li>Erwachsene (\u00dc18)\u00a0 \u00a0 \u00a0 \u00a0 \u00a0 \u00a0 \u00a0 \u00a0 \u00a0 \u00a0:\n<ul>\n<li>21,00 \u20ac im Monat (63,00 \u20ac im Quartal)<\/li>\n<\/ul>\n<\/li>\n<li>Eintritt\u00a0 \u00a0 \u00a0 \u00a0 \u00a0 \u00a0 \u00a0 \u00a0 \u00a0 \u00a0 \u00a0 \u00a0 \u00a0 \u00a0 \u00a0 \u00a0 \u00a0 \u00a0 \u00a0 \u00a0:\n<ul>\n<li>Aufnahmegeb\u00fchr von einen Monat<\/li>\n<\/ul>\n<\/li>\n<\/ul>\n<p>[\/et_pb_text][\/et_pb_column][et_pb_column type=&#8220;1_3&#8243; _builder_version=&#8220;4.17.3&#8243; _module_preset=&#8220;default&#8220; global_colors_info=&#8220;{}&#8220;][et_pb_text _builder_version=&#8220;4.20.2&#8243; _module_preset=&#8220;default&#8220; min_height=&#8220;21.8px&#8220; custom_margin=&#8220;17px||5px||false|false&#8220; custom_padding=&#8220;||18px|||&#8220; global_colors_info=&#8220;{}&#8220;]<\/p>\n<p>Formular als PDF download :<\/p>\n<p>[\/et_pb_text][et_pb_button button_url=&#8220;https:\/\/htbu-ev.de\/htwp\/wp-content\/uploads\/2023\/09\/Aufnahmeantrag-aktuell.pdf&#8220; url_new_window=&#8220;on&#8220; button_text=&#8220;Eintrittsformular&#8220; button_alignment=&#8220;center&#8220; _builder_version=&#8220;4.21.0&#8243; _module_preset=&#8220;default&#8220; custom_button=&#8220;on&#8220; button_text_color=&#8220;#FFFFFF&#8220; button_bg_color=&#8220;#004c99&#8243; button_border_radius=&#8220;27px&#8220; button_icon=&#8220;&#xe04a;||divi||400&#8243; global_colors_info=&#8220;{}&#8220;][\/et_pb_button][et_pb_text _builder_version=&#8220;4.17.3&#8243; _module_preset=&#8220;default&#8220; custom_margin=&#8220;-22px|||||&#8220; custom_padding=&#8220;0px|||||&#8220; global_colors_info=&#8220;{}&#8220;]<\/p>\n<p>Das Formular ausf\u00fcllen und dann Euren Trainer geben oder dem Sportb\u00fcro zukommen lassen.<\/p>\n<p>Ist der Antrag angekommen, freuen wir uns, Dich in der HTBU Familie begr\u00fcssen zu d\u00fcrfen.<\/p>\n<p>[\/et_pb_text][\/et_pb_column][\/et_pb_row][et_pb_row _builder_version=&#8220;4.17.3&#8243; _module_preset=&#8220;default&#8220; global_colors_info=&#8220;{}&#8220;][et_pb_column type=&#8220;4_4&#8243; _builder_version=&#8220;4.17.3&#8243; _module_preset=&#8220;default&#8220; global_colors_info=&#8220;{}&#8220;][et_pb_text _builder_version=&#8220;4.20.2&#8243; _module_preset=&#8220;default&#8220; global_colors_info=&#8220;{}&#8220;]<\/p>\n<h4>\u2026 als Trainer\/\u00dcbungsleiter\/Betreuer !<\/h4>\n<p>Wir suchen f\u00fcr alle Bereiche Unterst\u00fctzung.<\/p>\n<p>Betreuung von Jugendlichen beim Training oder auch an Spieltagen w\u00e4re der erste Schritt.<\/p>\n<p>Wenn Interesse besteht diesen ersten Schritt in einen l\u00e4ngeren Spaziergang umzusetzen, unsere erfahrenen Trainer (mit Rat und Tat) und der Verein (z.B. beim Erwerb einer Trainerlizenz) werden Dich dabei unterst\u00fctzen.<\/p>\n<p>Auch erfahrene Trainer k\u00f6nnen bei uns ein Bet\u00e4tigungsfeld finden. Jugendliche bei Ihren ersten Volleyballschritten bei zu stehen, junge Frauen oder M\u00e4nner\u00a0 in den Erwachsenenspielbetrieb hinein zu begleiten.<\/p>\n<p>Wenn Du\u00a0 Lust hast unsere sch\u00f6ne Sportart zu vermitteln, dann melde Dich bei uns.<\/p>\n<p>[\/et_pb_text][\/et_pb_column][\/et_pb_row][et_pb_row column_structure=&#8220;1_2,1_2&#8243; _builder_version=&#8220;4.17.3&#8243; _module_preset=&#8220;default&#8220; global_colors_info=&#8220;{}&#8220;][et_pb_column type=&#8220;1_2&#8243; _builder_version=&#8220;4.17.3&#8243; _module_preset=&#8220;default&#8220; global_colors_info=&#8220;{}&#8220;][et_pb_text _builder_version=&#8220;4.20.2&#8243; _module_preset=&#8220;default&#8220; global_colors_info=&#8220;{}&#8220;]<\/p>\n<h4>\u2026 als Unterst\u00fctzer !<\/h4>\n<p style=\"text-align: justify;\">Wir wollen neben der individuellen Talentf\u00f6rderung, auch ein sinnvolles Breitensportangebot anbieten. Dazu geh\u00f6rt auch das soziale Miteinander im Teamsport.<\/p>\n<p style=\"text-align: justify;\">Talent- und Jugendf\u00f6rderung funktioniert leider nicht mit einen Finger Schnipser, man braucht langen Atem und Unterst\u00fctzung. Material ist nicht g\u00fcnstig, gute Trainer arbeiten nicht umsonst.<\/p>\n<p>[\/et_pb_text][\/et_pb_column][et_pb_column type=&#8220;1_2&#8243; _builder_version=&#8220;4.17.3&#8243; _module_preset=&#8220;default&#8220; global_colors_info=&#8220;{}&#8220;][et_pb_text _builder_version=&#8220;4.17.3&#8243; _module_preset=&#8220;default&#8220; min_height=&#8220;176.8px&#8220; custom_padding=&#8220;10px|||||&#8220; global_colors_info=&#8220;{}&#8220;]<\/p>\n<h5 style=\"text-align: justify;\"><span><\/span><\/h5>\n<p style=\"text-align: justify;\"><span>Um die Jugendarbeit stabil zu halten, k\u00f6nnten Sie uns unterst\u00fctzen:<\/span><\/p>\n<ul>\n<li style=\"text-align: justify;\"><span>Betreuung der Jugendliche beim Training<\/span><\/li>\n<li style=\"text-align: justify;\"><span>Betreung an Spieltagen\u00a0<\/span><\/li>\n<li style=\"text-align: justify;\"><span> finanzielle Unterst\u00fctzung<\/span><\/li>\n<li style=\"text-align: justify;\"><span>materielle Unterst\u00fctzung<\/span><\/li>\n<\/ul>\n<p style=\"text-align: justify;\">Wenn Sie Interesse haben unsere Jugendlichen zu unterst\u00fctzen, melden Sie sich bei uns.<span><\/span><\/p>\n<p>[\/et_pb_text][\/et_pb_column][\/et_pb_row][\/et_pb_section]<\/p>\n","protected":false},"excerpt":{"rendered":"<p>&#8222;Mach mit&#8220; &#8230;&#8230; als Sportler. Du hast ein Probetraining mitgemacht, der Trainer hat genickt, dann das PDF Formular ausf\u00fcllen und abgeben. Leider k\u00f6nnen wir das Angebot\u00a0 nicht kostenlos anbieten, deswegen hier die anfallenden Kosten f\u00fcr die Teilnahme : &nbsp; Leider haben wir zurzeit keine freien Pl\u00e4tze !!!!!!!!!!!!!!!!!!!!!!!!!!!!!!!!!!!!!!!!!!!!!!!!!!!!!!!!!!!!!!!!!!!!!!! Kinder \/ Jugendliche (U18)\u00a0 : 18,00 \u20ac im [&hellip;]<\/p>\n","protected":false},"author":2,"featured_media":0,"parent":0,"menu_order":0,"comment_status":"closed","ping_status":"closed","template":"","meta":{"_et_pb_use_builder":"on","_et_pb_old_content":"","_et_gb_content_width":"","footnotes":""},"class_list":["post-1803","page","type-page","status-publish","hentry"],"_links":{"self":[{"href":"https:\/\/htbu-ev.de\/htvb\/wp-json\/wp\/v2\/pages\/1803","targetHints":{"allow":["GET"]}}],"collection":[{"href":"https:\/\/htbu-ev.de\/htvb\/wp-json\/wp\/v2\/pages"}],"about":[{"href":"https:\/\/htbu-ev.de\/htvb\/wp-json\/wp\/v2\/types\/page"}],"author":[{"embeddable":true,"href":"https:\/\/htbu-ev.de\/htvb\/wp-json\/wp\/v2\/users\/2"}],"replies":[{"embeddable":true,"href":"https:\/\/htbu-ev.de\/htvb\/wp-json\/wp\/v2\/comments?post=1803"}],"version-history":[{"count":0,"href":"https:\/\/htbu-ev.de\/htvb\/wp-json\/wp\/v2\/pages\/1803\/revisions"}],"wp:attachment":[{"href":"https:\/\/htbu-ev.de\/htvb\/wp-json\/wp\/v2\/media?parent=1803"}],"curies":[{"name":"wp","href":"https:\/\/api.w.org\/{rel}","templated":true}]}}