{"id":1749,"date":"2023-04-16T15:52:31","date_gmt":"2023-04-16T13:52:31","guid":{"rendered":"https:\/\/htbu-ev.de\/htvb\/?page_id=1749"},"modified":"2025-01-14T14:25:01","modified_gmt":"2025-01-14T13:25:01","slug":"wbl-jugend","status":"publish","type":"page","link":"https:\/\/htbu-ev.de\/htvb\/wbl-jugend\/","title":{"rendered":"wbl. Jugend"},"content":{"rendered":"<p>[et_pb_section fb_built=&#8220;1&#8243; _builder_version=&#8220;4.17.3&#8243; _module_preset=&#8220;default&#8220; global_colors_info=&#8220;{}&#8220;][et_pb_row _builder_version=&#8220;4.17.3&#8243; _module_preset=&#8220;default&#8220; global_colors_info=&#8220;{}&#8220;][et_pb_column type=&#8220;4_4&#8243; _builder_version=&#8220;4.17.3&#8243; _module_preset=&#8220;default&#8220; global_colors_info=&#8220;{}&#8220;][et_pb_text _builder_version=&#8220;4.27.0&#8243; _module_preset=&#8220;default&#8220; text_text_color=&#8220;#FFFFFF&#8220; text_font_size=&#8220;25px&#8220; text_letter_spacing=&#8220;3px&#8220; background_color=&#8220;#004c99&#8243; custom_padding=&#8220;||0px|||&#8220; global_colors_info=&#8220;{}&#8220;]<\/p>\n<p>Freitag Lerchenfeld (Jahrg\u00e4nge 2012, 2013, 2014)<\/p>\n<p>[\/et_pb_text][\/et_pb_column][\/et_pb_row][et_pb_row column_structure=&#8220;1_2,1_2&#8243; _builder_version=&#8220;4.17.3&#8243; _module_preset=&#8220;default&#8220; width=&#8220;69%&#8220; global_colors_info=&#8220;{}&#8220;][et_pb_column type=&#8220;1_2&#8243; _builder_version=&#8220;4.17.3&#8243; _module_preset=&#8220;default&#8220; global_colors_info=&#8220;{}&#8220;][et_pb_image src=&#8220;https:\/\/mlnesiq3z9tx.i.optimole.com\/w:auto\/h:auto\/q:mauto\/f:best\/https:\/\/htbu-ev.de\/htvb\/wp-content\/uploads\/2023\/09\/Jugend_Neu.jpg&#8220; title_text=&#8220;Jugend_Neu&#8220; align=&#8220;center&#8220; _builder_version=&#8220;4.27.0&#8243; _module_preset=&#8220;default&#8220; max_height=&#8220;400px&#8220; global_colors_info=&#8220;{}&#8220;][\/et_pb_image][\/et_pb_column][et_pb_column type=&#8220;1_2&#8243; _builder_version=&#8220;4.17.3&#8243; _module_preset=&#8220;default&#8220; global_colors_info=&#8220;{}&#8220;][et_pb_text _builder_version=&#8220;4.27.0&#8243; _module_preset=&#8220;default&#8220; global_colors_info=&#8220;{}&#8220;]<\/p>\n<p><strong>Anf\u00e4ngerinnen<br \/><\/strong><\/p>\n<p>Endlich k\u00f6nnen wir das Angebot f\u00fcr die j\u00fcngeren M\u00e4dels er\u00f6ffnen. Hier k\u00f6nnen die ersten Volleyballschritte gestartet werden.<\/p>\n<p>Pritschen ,<\/p>\n<p>Baggern,<\/p>\n<p>Schmettern<\/p>\n<p>sollen dann keine Fremdw\u00f6rter mehr sein.<\/p>\n<p>Bitte nur nach Anfrage !<\/p>\n<p>&nbsp;<\/p>\n<p>[\/et_pb_text][\/et_pb_column][\/et_pb_row][et_pb_row column_structure=&#8220;1_3,1_3,1_3&#8243; _builder_version=&#8220;4.17.3&#8243; _module_preset=&#8220;default&#8220; global_colors_info=&#8220;{}&#8220;][et_pb_column type=&#8220;1_3&#8243; _builder_version=&#8220;4.17.3&#8243; _module_preset=&#8220;default&#8220; global_colors_info=&#8220;{}&#8220;][et_pb_text _builder_version=&#8220;4.27.0&#8243; _module_preset=&#8220;default&#8220; global_colors_info=&#8220;{}&#8220;]<\/p>\n<h5>Ansprechpartner + Trainer :<\/h5>\n<ul>\n<li>Clara (Trainerin)<\/li>\n<li>Sportb\u00fcro (htbusport(at)htbu-ev.de)<\/li>\n<\/ul>\n<p>[\/et_pb_text][\/et_pb_column][et_pb_column type=&#8220;1_3&#8243; _builder_version=&#8220;4.17.3&#8243; _module_preset=&#8220;default&#8220; global_colors_info=&#8220;{}&#8220;][et_pb_text _builder_version=&#8220;4.27.0&#8243; _module_preset=&#8220;default&#8220; global_colors_info=&#8220;{}&#8220;]<\/p>\n<h5><span>Hallenzeit\u00a0<\/span>:<\/h5>\n<ul>\n<li><span>Fr. 17.00 \u2013 18.30 Uhr<\/span><\/li>\n<\/ul>\n<p>[\/et_pb_text][\/et_pb_column][et_pb_column type=&#8220;1_3&#8243; _builder_version=&#8220;4.17.3&#8243; _module_preset=&#8220;default&#8220; global_colors_info=&#8220;{}&#8220;][et_pb_text _builder_version=&#8220;4.27.0&#8243; _module_preset=&#8220;default&#8220; global_colors_info=&#8220;{}&#8220;]<\/p>\n<h5>Halle :<\/h5>\n<ul>\n<li>Gymnasium Lerchenfeld Sporthalle 1\n<ul>\n<li style=\"text-align: justify;\">Bringen Sie Ihr Kind mit dem Auto, empfehlen wir Ihnen die Anfahrt \u00fcber Finkenau.<\/li>\n<\/ul>\n<\/li>\n<\/ul>\n<p>[\/et_pb_text][\/et_pb_column][\/et_pb_row][et_pb_row _builder_version=&#8220;4.27.0&#8243; _module_preset=&#8220;default&#8220; global_colors_info=&#8220;{}&#8220;][et_pb_column type=&#8220;4_4&#8243; _builder_version=&#8220;4.17.3&#8243; _module_preset=&#8220;default&#8220; global_colors_info=&#8220;{}&#8220;][et_pb_text _builder_version=&#8220;4.27.0&#8243; _module_preset=&#8220;default&#8220; text_text_color=&#8220;#FFFFFF&#8220; text_font_size=&#8220;25px&#8220; text_letter_spacing=&#8220;3px&#8220; background_color=&#8220;#004c99&#8243; hover_enabled=&#8220;0&#8243; global_colors_info=&#8220;{}&#8220; sticky_enabled=&#8220;0&#8243;]<\/p>\n<p>Freitag Lerchenfeld Sporthalle 2 (Jahrg\u00e4nge 2011 und j\u00fcnger))<\/p>\n<p>[\/et_pb_text][\/et_pb_column][\/et_pb_row][et_pb_row column_structure=&#8220;1_2,1_2&#8243; _builder_version=&#8220;4.17.3&#8243; _module_preset=&#8220;default&#8220; global_colors_info=&#8220;{}&#8220;][et_pb_column type=&#8220;1_2&#8243; _builder_version=&#8220;4.17.3&#8243; _module_preset=&#8220;default&#8220; global_colors_info=&#8220;{}&#8220;][et_pb_text _builder_version=&#8220;4.27.0&#8243; _module_preset=&#8220;default&#8220; global_colors_info=&#8220;{}&#8220;]<\/p>\n<p style=\"text-align: justify;\">Aufnahme Stopp.<img data-opt-id=1041042950  fetchpriority=\"high\" decoding=\"async\" src=\"https:\/\/mlnesiq3z9tx.i.optimole.com\/w:auto\/h:auto\/q:mauto\/f:best\/https:\/\/htbu-ev.de\/htvb\/wp-content\/themes\/di-basis\/includes\/builder\/frontend-builder\/assets\/vendors\/plugins\/emoticons\/img\/smiley-cry.gif\" alt=\"cry\" \/><\/p>\n<p style=\"text-align: justify;\">Es sieht super aus, viele Kinder lernen hier Ihre ersten Schritte im Volleyball. Auch super, man sieht das die Schulkooperation mit der funktioniert, 3 weitere M\u00e4dchen die den Weg vom Sportunterricht zum Vereinssport geschafft haben.<\/p>\n<p style=\"text-align: justify;\">Aber es sind weit \u00fcber 20 Kinder in der kleinen Halle, deswegen m\u00fcssen wir leider erstmal die T\u00fcren schliessen.<\/p>\n<p style=\"text-align: justify;\">Wir arbeiten daran unser Angebot zu vergr\u00f6\u00dfern. <strong><em>Wenn Du\u00a0 Lust hast eine Jugendmannschaft zu betreuen und somit weiteren Kindern\/Jugendlichen Volleyball an zu bieten, melde Dich im Sportb\u00fcro.<\/em><\/strong><\/p>\n<p>[\/et_pb_text][\/et_pb_column][et_pb_column type=&#8220;1_2&#8243; _builder_version=&#8220;4.17.3&#8243; _module_preset=&#8220;default&#8220; global_colors_info=&#8220;{}&#8220;][et_pb_image src=&#8220;https:\/\/mlnesiq3z9tx.i.optimole.com\/w:auto\/h:auto\/q:mauto\/f:best\/https:\/\/htbu-ev.de\/htvb\/wp-content\/uploads\/2023\/06\/20230616_190144.jpg&#8220; title_text=&#8220;20230616_190144&#8243; _builder_version=&#8220;4.27.0&#8243; _module_preset=&#8220;default&#8220; global_colors_info=&#8220;{}&#8220;][\/et_pb_image][\/et_pb_column][\/et_pb_row][et_pb_row column_structure=&#8220;1_3,1_3,1_3&#8243; _builder_version=&#8220;4.17.3&#8243; _module_preset=&#8220;default&#8220; global_colors_info=&#8220;{}&#8220;][et_pb_column type=&#8220;1_3&#8243; _builder_version=&#8220;4.17.3&#8243; _module_preset=&#8220;default&#8220; global_colors_info=&#8220;{}&#8220;][et_pb_text _builder_version=&#8220;4.27.0&#8243; _module_preset=&#8220;default&#8220; global_colors_info=&#8220;{}&#8220;]<\/p>\n<h5>Ansprechpartner + Trainer :<\/h5>\n<ul>\n<li>Sportb\u00fcro (htbusport(at)htbu-ev.de)<\/li>\n<li>Peter<\/li>\n<\/ul>\n<p>[\/et_pb_text][\/et_pb_column][et_pb_column type=&#8220;1_3&#8243; _builder_version=&#8220;4.17.3&#8243; _module_preset=&#8220;default&#8220; global_colors_info=&#8220;{}&#8220;][et_pb_text _builder_version=&#8220;4.27.0&#8243; _module_preset=&#8220;default&#8220; global_colors_info=&#8220;{}&#8220;]<\/p>\n<h5>Hallenzeit\u00a0:<\/h5>\n<ul>\n<li>Fr. 17.00 \u2013 18.30 Uhr<\/li>\n<\/ul>\n<p>[\/et_pb_text][\/et_pb_column][et_pb_column type=&#8220;1_3&#8243; _builder_version=&#8220;4.17.3&#8243; _module_preset=&#8220;default&#8220; global_colors_info=&#8220;{}&#8220;][et_pb_text _builder_version=&#8220;4.27.0&#8243; _module_preset=&#8220;default&#8220; global_colors_info=&#8220;{}&#8220;]<\/p>\n<h5>Halle :<\/h5>\n<ul>\n<li>Gymnasium Lerchenfeld Sporthalle 2<\/li>\n<\/ul>\n<p>[\/et_pb_text][\/et_pb_column][\/et_pb_row][et_pb_row _builder_version=&#8220;4.20.2&#8243; _module_preset=&#8220;default&#8220; global_colors_info=&#8220;{}&#8220;][et_pb_column type=&#8220;4_4&#8243; _builder_version=&#8220;4.20.2&#8243; _module_preset=&#8220;default&#8220; global_colors_info=&#8220;{}&#8220;][et_pb_text _builder_version=&#8220;4.20.2&#8243; _module_preset=&#8220;default&#8220; text_text_color=&#8220;#FFFFFF&#8220; background_color=&#8220;#004c99&#8243; global_colors_info=&#8220;{}&#8220;]<\/p>\n<p>Impressionen<\/p>\n<p>[\/et_pb_text][\/et_pb_column][\/et_pb_row][et_pb_row _builder_version=&#8220;4.20.2&#8243; _module_preset=&#8220;default&#8220; global_colors_info=&#8220;{}&#8220;][et_pb_column type=&#8220;4_4&#8243; _builder_version=&#8220;4.20.2&#8243; _module_preset=&#8220;default&#8220; global_colors_info=&#8220;{}&#8220;][et_pb_gallery gallery_ids=&#8220;2717,2718,2720,2721,2722,2723,2724&#8243; show_title_and_caption=&#8220;off&#8220; _builder_version=&#8220;4.20.2&#8243; _module_preset=&#8220;default&#8220; global_colors_info=&#8220;{}&#8220;][\/et_pb_gallery][\/et_pb_column][\/et_pb_row][et_pb_row _builder_version=&#8220;4.17.3&#8243; _module_preset=&#8220;default&#8220; global_colors_info=&#8220;{}&#8220;][et_pb_column type=&#8220;4_4&#8243; _builder_version=&#8220;4.17.3&#8243; _module_preset=&#8220;default&#8220; global_colors_info=&#8220;{}&#8220;][et_pb_text _builder_version=&#8220;4.20.2&#8243; _module_preset=&#8220;default&#8220; text_text_color=&#8220;#FFFFFF&#8220; text_font_size=&#8220;25px&#8220; text_letter_spacing=&#8220;3px&#8220; background_color=&#8220;#004c99&#8243; global_colors_info=&#8220;{}&#8220;]<\/p>\n<p>wbl. Jugendteams im Jugendliga Spielbetrieb<\/p>\n<p>[\/et_pb_text][\/et_pb_column][\/et_pb_row][et_pb_row _builder_version=&#8220;4.17.3&#8243; _module_preset=&#8220;default&#8220; global_colors_info=&#8220;{}&#8220;][et_pb_column type=&#8220;4_4&#8243; _builder_version=&#8220;4.17.3&#8243; _module_preset=&#8220;default&#8220; global_colors_info=&#8220;{}&#8220;][et_pb_text _builder_version=&#8220;4.20.2&#8243; _module_preset=&#8220;default&#8220; global_colors_info=&#8220;{}&#8220;]<\/p>\n<p>Keine festen Teams und keine eigenen Trainingszeiten f\u00fcr die beiden Jugendligen. Hier geben wir den Jugendlichen auf unterschiedlichen Niveau die M\u00f6glichkeit, das im Training erlernte aus zu probieren.<\/p>\n<p>[\/et_pb_text][et_pb_text _builder_version=&#8220;4.21.0&#8243; _module_preset=&#8220;default&#8220; global_colors_info=&#8220;{}&#8220;]<\/p>\n<p>Bilder nach dem ersten Spiel der Jugendliga 4 wo die M\u00e4dchen in Ihren beiden allerersten Spielemn Ihren erster Erfolg einheimsten.<\/p>\n<p>[\/et_pb_text][\/et_pb_column][\/et_pb_row][et_pb_row _builder_version=&#8220;4.20.2&#8243; _module_preset=&#8220;default&#8220; global_colors_info=&#8220;{}&#8220;][et_pb_column type=&#8220;4_4&#8243; _builder_version=&#8220;4.20.2&#8243; _module_preset=&#8220;default&#8220; global_colors_info=&#8220;{}&#8220;][et_pb_gallery gallery_ids=&#8220;3023,3024,3025&#8243; show_title_and_caption=&#8220;off&#8220; _builder_version=&#8220;4.21.0&#8243; _module_preset=&#8220;default&#8220; global_colors_info=&#8220;{}&#8220;][\/et_pb_gallery][\/et_pb_column][\/et_pb_row][et_pb_row column_structure=&#8220;1_2,1_2&#8243; _builder_version=&#8220;4.17.3&#8243; _module_preset=&#8220;default&#8220; global_colors_info=&#8220;{}&#8220;][et_pb_column type=&#8220;1_2&#8243; _builder_version=&#8220;4.17.3&#8243; _module_preset=&#8220;default&#8220; global_colors_info=&#8220;{}&#8220;][et_pb_text _builder_version=&#8220;4.20.2&#8243; _module_preset=&#8220;default&#8220; global_colors_info=&#8220;{}&#8220;]<\/p>\n<h2>Jugendliga 3 Staffel 2<\/h2>\n<p>[\/et_pb_text][et_pb_button button_url=&#8220;https:\/\/www.hvbv.de\/cms\/home\/jugend\/ligen\/jugendliga_3.xhtml?LeaguePresenter.view=resultTable&#038;LeaguePresenter.matchSeriesId=20956346#samsCmsComponent_21031820&#8243; url_new_window=&#8220;on&#8220; button_text=&#8220;Tabelle JuLi3\/2 (HvBv)&#8220; _builder_version=&#8220;4.20.2&#8243; _module_preset=&#8220;default&#8220; custom_button=&#8220;on&#8220; button_text_size=&#8220;14px&#8220; button_text_color=&#8220;#FFFFFF&#8220; button_bg_color=&#8220;#004c99&#8243; button_border_radius=&#8220;45px&#8220; button_icon=&#8220;&#xf45f;||fa||900&#8243; global_colors_info=&#8220;{}&#8220;][\/et_pb_button][et_pb_button button_url=&#8220;https:\/\/www.hvbv.de\/cms\/home\/jugend\/ligen\/jugendliga_3.xhtml?LeaguePresenter.matchSeriesId=20956346&#038;LeaguePresenter.teamListView.view=scoreHistory&#038;LeaguePresenter.view=teamOverview&#038;LeaguePresenter.teamListView.teamId=21323158#samsCmsComponent_21031820&#8243; url_new_window=&#8220;on&#8220; button_text=&#8220;Tabellenverlauf (HvBv)&#8220; _builder_version=&#8220;4.20.2&#8243; _module_preset=&#8220;default&#8220; custom_button=&#8220;on&#8220; button_text_size=&#8220;14px&#8220; button_text_color=&#8220;#FFFFFF&#8220; button_bg_color=&#8220;#004c99&#8243; button_border_radius=&#8220;45px&#8220; button_icon=&#8220;&#xf45f;||fa||900&#8243; global_colors_info=&#8220;{}&#8220;][\/et_pb_button][et_pb_button button_url=&#8220;https:\/\/www.hvbv.de\/cms\/home\/jugend\/ligen\/jugendliga_3.xhtml?LeaguePresenter.matchSeriesId=20956346&#038;LeaguePresenter.teamListView.view=matches&#038;LeaguePresenter.view=teamOverview&#038;LeaguePresenter.teamListView.teamId=21323158#samsCmsComponent_21031820&#8243; url_new_window=&#8220;on&#8220; button_text=&#8220;Eigene Spiele (HvBv)&#8220; _builder_version=&#8220;4.20.2&#8243; _module_preset=&#8220;default&#8220; custom_button=&#8220;on&#8220; button_text_size=&#8220;14px&#8220; button_text_color=&#8220;#FFFFFF&#8220; button_bg_color=&#8220;#004c99&#8243; button_border_radius=&#8220;45px&#8220; button_icon=&#8220;&#xf45f;||fa||900&#8243; global_colors_info=&#8220;{}&#8220;][\/et_pb_button][et_pb_button button_url=&#8220;https:\/\/www.hvbv.de\/cms\/home\/jugend\/ligen\/jugendliga_3.xhtml?LeaguePresenter.matchSeriesId=20956346&#038;LeaguePresenter.view=matches&#038;playingScheduleMode=full#samsCmsComponent_21031820&#8243; url_new_window=&#8220;on&#8220; button_text=&#8220;Gesamtspielplan (HvBv)&#8220; _builder_version=&#8220;4.20.2&#8243; _module_preset=&#8220;default&#8220; custom_button=&#8220;on&#8220; button_text_size=&#8220;14px&#8220; button_text_color=&#8220;#FFFFFF&#8220; button_bg_color=&#8220;#004c99&#8243; button_border_radius=&#8220;45px&#8220; button_icon=&#8220;&#xf45f;||fa||900&#8243; global_colors_info=&#8220;{}&#8220;][\/et_pb_button][\/et_pb_column][et_pb_column type=&#8220;1_2&#8243; _builder_version=&#8220;4.17.3&#8243; _module_preset=&#8220;default&#8220; global_colors_info=&#8220;{}&#8220;][et_pb_text _builder_version=&#8220;4.20.2&#8243; _module_preset=&#8220;default&#8220; global_colors_info=&#8220;{}&#8220;]<\/p>\n<h3>Jugendliga 4 Staffel 2<\/h3>\n<p>[\/et_pb_text][et_pb_button button_url=&#8220;https:\/\/www.hvbv.de\/cms\/home\/jugend\/ligen\/jugendliga_4.xhtml?LeaguePresenter.view=resultTable&#038;LeaguePresenter.matchSeriesId=20956396#samsCmsComponent_21031821&#8243; url_new_window=&#8220;on&#8220; button_text=&#8220;Tabelle JuLi4\/2 (HvBv)&#8220; _builder_version=&#8220;4.20.2&#8243; _module_preset=&#8220;default&#8220; custom_button=&#8220;on&#8220; button_text_size=&#8220;14px&#8220; button_text_color=&#8220;#FFFFFF&#8220; button_bg_color=&#8220;#004c99&#8243; button_border_radius=&#8220;45px&#8220; button_icon=&#8220;&#xf45f;||fa||900&#8243; global_colors_info=&#8220;{}&#8220;][\/et_pb_button][et_pb_button button_url=&#8220;https:\/\/www.hvbv.de\/cms\/home\/jugend\/ligen\/jugendliga_4.xhtml?LeaguePresenter.matchSeriesId=20956396&#038;LeaguePresenter.teamListView.view=scoreHistory&#038;LeaguePresenter.view=teamOverview&#038;LeaguePresenter.teamListView.teamId=21323165#samsCmsComponent_21031821&#8243; url_new_window=&#8220;on&#8220; button_text=&#8220;Tabellenverlauf (HvBv)&#8220; _builder_version=&#8220;4.20.2&#8243; _module_preset=&#8220;default&#8220; custom_button=&#8220;on&#8220; button_text_size=&#8220;14px&#8220; button_text_color=&#8220;#FFFFFF&#8220; button_bg_color=&#8220;#004c99&#8243; button_border_radius=&#8220;45px&#8220; button_icon=&#8220;&#xf45f;||fa||900&#8243; global_colors_info=&#8220;{}&#8220;][\/et_pb_button][et_pb_button button_url=&#8220;https:\/\/www.hvbv.de\/cms\/home\/jugend\/ligen\/jugendliga_4.xhtml?LeaguePresenter.matchSeriesId=20956396&#038;LeaguePresenter.teamListView.view=matches&#038;LeaguePresenter.view=teamOverview&#038;LeaguePresenter.teamListView.teamId=21323165#samsCmsComponent_21031821&#8243; url_new_window=&#8220;on&#8220; button_text=&#8220;Eigene Spiele (HvBv)&#8220; _builder_version=&#8220;4.20.2&#8243; _module_preset=&#8220;default&#8220; custom_button=&#8220;on&#8220; button_text_size=&#8220;14px&#8220; button_text_color=&#8220;#FFFFFF&#8220; button_bg_color=&#8220;#004c99&#8243; button_border_radius=&#8220;45px&#8220; button_icon=&#8220;&#xf45f;||fa||900&#8243; global_colors_info=&#8220;{}&#8220;][\/et_pb_button][et_pb_button button_url=&#8220;https:\/\/www.hvbv.de\/cms\/home\/jugend\/ligen\/jugendliga_4.xhtml?LeaguePresenter.matchSeriesId=20956396&#038;LeaguePresenter.view=matches&#038;playingScheduleMode=full#samsCmsComponent_21031821&#8243; url_new_window=&#8220;on&#8220; button_text=&#8220;Gesamtspielplan (HvBv)&#8220; _builder_version=&#8220;4.20.2&#8243; _module_preset=&#8220;default&#8220; custom_button=&#8220;on&#8220; button_text_size=&#8220;14px&#8220; button_text_color=&#8220;#FFFFFF&#8220; button_bg_color=&#8220;#004c99&#8243; button_border_radius=&#8220;45px&#8220; button_icon=&#8220;&#xf45f;||fa||900&#8243; global_colors_info=&#8220;{}&#8220;][\/et_pb_button][\/et_pb_column][\/et_pb_row][\/et_pb_section]<\/p>\n","protected":false},"excerpt":{"rendered":"<p>Freitag Lerchenfeld (Jahrg\u00e4nge 2012, 2013, 2014)Anf\u00e4ngerinnen Endlich k\u00f6nnen wir das Angebot f\u00fcr die j\u00fcngeren M\u00e4dels er\u00f6ffnen. Hier k\u00f6nnen die ersten Volleyballschritte gestartet werden. Pritschen , Baggern, Schmettern sollen dann keine Fremdw\u00f6rter mehr sein. Bitte nur nach Anfrage ! &nbsp;Ansprechpartner + Trainer : Clara (Trainerin) Sportb\u00fcro (htbusport(at)htbu-ev.de) Hallenzeit\u00a0: Fr. 17.00 \u2013 18.30 Uhr Halle : Gymnasium [&hellip;]<\/p>\n","protected":false},"author":2,"featured_media":0,"parent":0,"menu_order":0,"comment_status":"closed","ping_status":"closed","template":"","meta":{"_et_pb_use_builder":"on","_et_pb_old_content":"","_et_gb_content_width":"","footnotes":""},"class_list":["post-1749","page","type-page","status-publish","hentry"],"_links":{"self":[{"href":"https:\/\/htbu-ev.de\/htvb\/wp-json\/wp\/v2\/pages\/1749","targetHints":{"allow":["GET"]}}],"collection":[{"href":"https:\/\/htbu-ev.de\/htvb\/wp-json\/wp\/v2\/pages"}],"about":[{"href":"https:\/\/htbu-ev.de\/htvb\/wp-json\/wp\/v2\/types\/page"}],"author":[{"embeddable":true,"href":"https:\/\/htbu-ev.de\/htvb\/wp-json\/wp\/v2\/users\/2"}],"replies":[{"embeddable":true,"href":"https:\/\/htbu-ev.de\/htvb\/wp-json\/wp\/v2\/comments?post=1749"}],"version-history":[{"count":3,"href":"https:\/\/htbu-ev.de\/htvb\/wp-json\/wp\/v2\/pages\/1749\/revisions"}],"predecessor-version":[{"id":3271,"href":"https:\/\/htbu-ev.de\/htvb\/wp-json\/wp\/v2\/pages\/1749\/revisions\/3271"}],"wp:attachment":[{"href":"https:\/\/htbu-ev.de\/htvb\/wp-json\/wp\/v2\/media?parent=1749"}],"curies":[{"name":"wp","href":"https:\/\/api.w.org\/{rel}","templated":true}]}}