{"id":1692,"date":"2023-04-15T17:14:45","date_gmt":"2023-04-15T15:14:45","guid":{"rendered":"https:\/\/htbu-ev.de\/htvb\/?page_id=1692"},"modified":"2026-02-23T12:12:25","modified_gmt":"2026-02-23T11:12:25","slug":"hobby_mix","status":"publish","type":"page","link":"https:\/\/htbu-ev.de\/htvb\/hobby_mix\/","title":{"rendered":"Hobby_Mix"},"content":{"rendered":"<p>[et_pb_section fb_built=&#8220;1&#8243; _builder_version=&#8220;4.17.3&#8243; _module_preset=&#8220;default&#8220; global_colors_info=&#8220;{}&#8220;][et_pb_row admin_label=&#8220;Zeile&#8220; _builder_version=&#8220;4.21.0&#8243; _module_preset=&#8220;default&#8220; custom_padding=&#8220;10px|||||&#8220; global_colors_info=&#8220;{}&#8220;][et_pb_column type=&#8220;4_4&#8243; _builder_version=&#8220;4.17.3&#8243; _module_preset=&#8220;default&#8220; global_colors_info=&#8220;{}&#8220;][et_pb_text admin_label=&#8220;Text&#8220; _builder_version=&#8220;4.21.0&#8243; _module_preset=&#8220;default&#8220; text_text_color=&#8220;#FFFFFF&#8220; text_font_size=&#8220;25px&#8220; text_letter_spacing=&#8220;3px&#8220; header_font=&#8220;|||||on|||&#8220; header_text_align=&#8220;left&#8220; header_text_color=&#8220;#2F3D73&#8243; background_color=&#8220;#004c99&#8243; global_colors_info=&#8220;{}&#8220;]<\/p>\n<p>BLOCKBUSTER<\/p>\n<p>[\/et_pb_text][\/et_pb_column][\/et_pb_row][et_pb_row column_structure=&#8220;2_5,3_5&#8243; _builder_version=&#8220;4.21.0&#8243; _module_preset=&#8220;default&#8220; global_colors_info=&#8220;{}&#8220;][et_pb_column type=&#8220;2_5&#8243; _builder_version=&#8220;4.17.3&#8243; _module_preset=&#8220;default&#8220; global_colors_info=&#8220;{}&#8220;][et_pb_image src=&#8220;https:\/\/htbu-ev.de\/htvb\/wp-content\/uploads\/2022\/07\/HobbyMix_R-1024&#215;768-1.jpg&#8220; title_text=&#8220;HobbyMix_Blockbuster&#8220; _builder_version=&#8220;4.21.0&#8243; _module_preset=&#8220;default&#8220; global_colors_info=&#8220;{}&#8220;][\/et_pb_image][\/et_pb_column][et_pb_column type=&#8220;3_5&#8243; _builder_version=&#8220;4.17.3&#8243; _module_preset=&#8220;default&#8220; global_colors_info=&#8220;{}&#8220;][et_pb_text _builder_version=&#8220;4.27.4&#8243; _module_preset=&#8220;default&#8220; global_colors_info=&#8220;{}&#8220;]<\/p>\n<p style=\"text-align: justify;\">Wir sind eine spielfreudige und erfahrene Mannschaft, wo der Spa\u00df am Sport im Vordergrund steht. An Spieltagen sind wir ehrgeizig, aber im Training k\u00f6nnen wir auch mal F\u00fcnfe gerade sein lassen und nach dem Aufw\u00e4rmen direkt losspielen. Das Team besteht aus erfahrenen Spieler*innen und ein paar wenige Newbys mit Talent f\u00fcr Sport.<\/p>\n<p style=\"text-align: justify;\">Das Team nimmt am Spielbetrieb im Hamburger Volleyballverband teil.<\/p>\n<p style=\"text-align: justify;\">[\/et_pb_text][\/et_pb_column][\/et_pb_row][et_pb_row column_structure=&#8220;1_3,1_3,1_3&#8243; _builder_version=&#8220;4.21.0&#8243; _module_preset=&#8220;default&#8220; global_colors_info=&#8220;{}&#8220;][et_pb_column type=&#8220;1_3&#8243; _builder_version=&#8220;4.17.3&#8243; _module_preset=&#8220;default&#8220; global_colors_info=&#8220;{}&#8220;][et_pb_text _builder_version=&#8220;4.21.0&#8243; _module_preset=&#8220;default&#8220; global_colors_info=&#8220;{}&#8220;]<\/p>\n<h5>Ansprechpartner + Trainerin :<\/h5>\n<ul>\n<li>Sportb\u00fcro (htbusport(at)htbu-ev.de)<\/li>\n<li>Ricarda<\/li>\n<\/ul>\n<p>&nbsp;<\/p>\n<p>[\/et_pb_text][\/et_pb_column][et_pb_column type=&#8220;1_3&#8243; _builder_version=&#8220;4.17.3&#8243; _module_preset=&#8220;default&#8220; global_colors_info=&#8220;{}&#8220;][et_pb_text _builder_version=&#8220;4.21.0&#8243; _module_preset=&#8220;default&#8220; global_colors_info=&#8220;{}&#8220;]<\/p>\n<h5><span style=\"text-decoration: underline;\">Hallenzeit <\/span>:<\/h5>\n<ul>\n<li><span>Donnerstag : 20.00\u2013 22.00 Uhr<\/span><\/li>\n<\/ul>\n<p>[\/et_pb_text][\/et_pb_column][et_pb_column type=&#8220;1_3&#8243; _builder_version=&#8220;4.17.3&#8243; _module_preset=&#8220;default&#8220; global_colors_info=&#8220;{}&#8220;][et_pb_text _builder_version=&#8220;4.20.2&#8243; _module_preset=&#8220;default&#8220; custom_padding=&#8220;||5px|||&#8220; global_colors_info=&#8220;{}&#8220;]<\/p>\n<h5>Halle :<a href=\"https:\/\/www.google.de\/maps\/place\/Uferstra%C3%9Fe,+22081+Hamburg\/@53.5699747,10.0353443,17z\/data=!4m5!3m4!1s0x47b18eb6061aaec5:0x5faa39d270d2d453!8m2!3d53.5705979!4d10.0382554?hl=de\" target=\"_blank\" rel=\"noopener\"><\/a><\/h5>\n<ul>\n<li>Richardstr. \/ Uferstr.<\/li>\n<\/ul>\n<p>&nbsp;<\/p>\n<p>[\/et_pb_text][\/et_pb_column][\/et_pb_row][et_pb_row _builder_version=&#8220;4.21.0&#8243; _module_preset=&#8220;default&#8220; custom_padding=&#8220;10px|||||&#8220; global_colors_info=&#8220;{}&#8220;][et_pb_column type=&#8220;4_4&#8243; _builder_version=&#8220;4.17.3&#8243; _module_preset=&#8220;default&#8220; global_colors_info=&#8220;{}&#8220;][et_pb_text _builder_version=&#8220;4.21.0&#8243; _module_preset=&#8220;default&#8220; text_text_color=&#8220;#FFFFFF&#8220; text_font_size=&#8220;25px&#8220; text_letter_spacing=&#8220;3px&#8220; header_font=&#8220;|||||on|||&#8220; header_text_align=&#8220;left&#8220; header_text_color=&#8220;#2F3D73&#8243; background_color=&#8220;#004c99&#8243; global_colors_info=&#8220;{}&#8220;]<\/p>\n<p>&#8222;EHER SCHLECHT&#8220;<\/p>\n<p>[\/et_pb_text][\/et_pb_column][\/et_pb_row][et_pb_row column_structure=&#8220;1_2,1_2&#8243; _builder_version=&#8220;4.21.0&#8243; _module_preset=&#8220;default&#8220; custom_padding=&#8220;10px|||||&#8220; global_colors_info=&#8220;{}&#8220;][et_pb_column type=&#8220;1_2&#8243; _builder_version=&#8220;4.17.3&#8243; _module_preset=&#8220;default&#8220; global_colors_info=&#8220;{}&#8220;][et_pb_text _builder_version=&#8220;4.21.0&#8243; _module_preset=&#8220;default&#8220; min_height=&#8220;221.6px&#8220; custom_margin=&#8220;||-22px|||&#8220; custom_padding=&#8220;||0px|||&#8220; global_colors_info=&#8220;{}&#8220;]<\/p>\n<p style=\"text-align: justify;\">Wir sind eine Gruppe erfahrener Spielerinnen und Spieler, die Spa\u00df und Teamwork \u00fcber Perfektion stellen. Unser Ziel ist es, auf einem fortgeschrittenen Niveau zu spielen, ohne dabei den Spa\u00df zu vernachl\u00e4ssigen.<\/p>\n<p style=\"text-align: justify;\">Unsere Trainingseinheiten bestehen aus einem ausgewogenen Verh\u00e4ltnis von \u00dcbungen und Spielen, wobei die H\u00e4lfte der Zeit auf \u00dcbungen zur Verbesserung unserer F\u00e4higkeiten und die andere H\u00e4lfte auf Spiel und Spa\u00df verwendet wird. Wir glauben, dass eine entspannte, positive Atmosph\u00e4re auf dem Platz der Schl\u00fcssel zu unserem Erfolg auf und neben dem Platz ist. Ein Teil der Gruppe nimmt als Team &#8222;eher schlecht&#8220; an der HVBV Mixed Liga teil (Level: A2\/A3 von 6). Und egal ob wir gewinnen oder verlieren, wir verlassen das Spielfeld immer mit einem L\u00e4cheln im Gesicht.<\/p>\n<p style=\"text-align: justify;\"><strong>\u00a0<\/strong><\/p>\n<p>[\/et_pb_text][\/et_pb_column][et_pb_column type=&#8220;1_2&#8243; _builder_version=&#8220;4.17.3&#8243; _module_preset=&#8220;default&#8220; global_colors_info=&#8220;{}&#8220;][et_pb_gallery gallery_ids=&#8220;2197,2196,2195,2194,2193&#8243; show_title_and_caption=&#8220;off&#8220; _builder_version=&#8220;4.20.2&#8243; _module_preset=&#8220;default&#8220; global_colors_info=&#8220;{}&#8220;][\/et_pb_gallery][\/et_pb_column][\/et_pb_row][et_pb_row column_structure=&#8220;1_3,1_3,1_3&#8243; _builder_version=&#8220;4.17.3&#8243; _module_preset=&#8220;default&#8220; global_colors_info=&#8220;{}&#8220;][et_pb_column type=&#8220;1_3&#8243; _builder_version=&#8220;4.17.3&#8243; _module_preset=&#8220;default&#8220; global_colors_info=&#8220;{}&#8220;][et_pb_text _builder_version=&#8220;4.17.3&#8243; _module_preset=&#8220;default&#8220; global_colors_info=&#8220;{}&#8220;]<\/p>\n<h5>Ansprechpartner + Trainer :<\/h5>\n<ul>\n<li>Sportb\u00fcro (htbusport(at)htbu-ev.de)<\/li>\n<li>Harald<\/li>\n<\/ul>\n<p>&nbsp;<\/p>\n<p>&nbsp;<\/p>\n<p>[\/et_pb_text][\/et_pb_column][et_pb_column type=&#8220;1_3&#8243; _builder_version=&#8220;4.17.3&#8243; _module_preset=&#8220;default&#8220; global_colors_info=&#8220;{}&#8220;][et_pb_text _builder_version=&#8220;4.21.0&#8243; _module_preset=&#8220;default&#8220; global_colors_info=&#8220;{}&#8220;]<\/p>\n<h5><span style=\"text-decoration: underline;\">Hallenzeit <\/span>:<\/h5>\n<ul>\n<li><span>Donnerstag : 20.30\u2013 22.00 Uhr<\/span><\/li>\n<\/ul>\n<p>[\/et_pb_text][\/et_pb_column][et_pb_column type=&#8220;1_3&#8243; _builder_version=&#8220;4.17.3&#8243; _module_preset=&#8220;default&#8220; global_colors_info=&#8220;{}&#8220;][et_pb_text _builder_version=&#8220;4.20.2&#8243; _module_preset=&#8220;default&#8220; global_colors_info=&#8220;{}&#8220;]<\/p>\n<h5>Halle :<\/h5>\n<ul>\n<li>Lerchenfeld\n<ul>\n<li>Wenn Ihr mit dem Auto kommt, Anfahrt \u00fcber Finkenau.<\/li>\n<\/ul>\n<\/li>\n<\/ul>\n<p>[\/et_pb_text][\/et_pb_column][\/et_pb_row][et_pb_row _builder_version=&#8220;4.17.3&#8243; _module_preset=&#8220;default&#8220; custom_padding=&#8220;10px|||||&#8220; global_colors_info=&#8220;{}&#8220;][et_pb_column type=&#8220;4_4&#8243; _builder_version=&#8220;4.17.3&#8243; _module_preset=&#8220;default&#8220; global_colors_info=&#8220;{}&#8220;][et_pb_text _builder_version=&#8220;4.17.3&#8243; _module_preset=&#8220;default&#8220; text_text_color=&#8220;#FFFFFF&#8220; text_font_size=&#8220;25px&#8220; text_letter_spacing=&#8220;3px&#8220; header_font=&#8220;|||||on|||&#8220; header_text_align=&#8220;left&#8220; header_text_color=&#8220;#2F3D73&#8243; background_color=&#8220;#004c99&#8243; global_colors_info=&#8220;{}&#8220;]<\/p>\n<p>HUMBOLDT HOBBY<\/p>\n<p>[\/et_pb_text][\/et_pb_column][\/et_pb_row][et_pb_row column_structure=&#8220;2_5,3_5&#8243; _builder_version=&#8220;4.17.3&#8243; _module_preset=&#8220;default&#8220; global_colors_info=&#8220;{}&#8220;][et_pb_column type=&#8220;2_5&#8243; _builder_version=&#8220;4.17.3&#8243; _module_preset=&#8220;default&#8220; global_colors_info=&#8220;{}&#8220;][et_pb_image src=&#8220;https:\/\/mlnesiq3z9tx.i.optimole.com\/w:auto\/h:auto\/q:mauto\/f:best\/https:\/\/htbu-ev.de\/htvb\/wp-content\/uploads\/2023\/04\/Platzhalter.jpg&#8220; title_text=&#8220;Platzhalter&#8220; align=&#8220;center&#8220; _builder_version=&#8220;4.21.0&#8243; _module_preset=&#8220;default&#8220; global_colors_info=&#8220;{}&#8220;][\/et_pb_image][\/et_pb_column][et_pb_column type=&#8220;3_5&#8243; _builder_version=&#8220;4.17.3&#8243; _module_preset=&#8220;default&#8220; global_colors_info=&#8220;{}&#8220;][et_pb_text _builder_version=&#8220;4.20.2&#8243; _module_preset=&#8220;default&#8220; global_colors_info=&#8220;{}&#8220;]<\/p>\n<p style=\"text-align: justify;\">Wir sind 2 Mix-Gruppen, m\u00e4nnlich und weiblich, mit \u00fcberwiegend den gleichen Teilnehmern. Wir volleyballern schon lange im Verein, sind aber berufst\u00e4tig.<\/p>\n<p style=\"text-align: justify;\">Unser Training besteht aus Volleyball spielen und viel Spa\u00df in einer motivierten Truppe haben.<\/p>\n<p style=\"text-align: justify;\">Wenn Du fr\u00fcher am Punktspielbetrieb teil genommen hattest, jetzt unsere sch\u00f6ne Sportart im Trainingsspiel, ohne den Leistungsdruck von Punktspieltagen, genie\u00dfen m\u00f6chtest, dann bist Du hier genau richtig.<\/p>\n<p style=\"text-align: justify;\">Die Gruppe nimmt nicht am Hobby Punktspielbetrieb teil.<\/p>\n<p>[\/et_pb_text][\/et_pb_column][\/et_pb_row][et_pb_row column_structure=&#8220;1_3,1_3,1_3&#8243; _builder_version=&#8220;4.17.3&#8243; _module_preset=&#8220;default&#8220; global_colors_info=&#8220;{}&#8220;][et_pb_column type=&#8220;1_3&#8243; _builder_version=&#8220;4.17.3&#8243; _module_preset=&#8220;default&#8220; global_colors_info=&#8220;{}&#8220;][et_pb_text _builder_version=&#8220;4.27.4&#8243; _module_preset=&#8220;default&#8220; hover_enabled=&#8220;0&#8243; global_colors_info=&#8220;{}&#8220; admin_label=&#8220;Text&#8220; sticky_enabled=&#8220;0&#8243;]<\/p>\n<h5>Ansprechpartner + Trainer :<\/h5>\n<ul>\n<li>Sportb\u00fcro (htbusport(at)htbu-ev.de)<\/li>\n<li>Thomas<\/li>\n<\/ul>\n<p>&nbsp;<\/p>\n<p>[\/et_pb_text][\/et_pb_column][et_pb_column type=&#8220;1_3&#8243; _builder_version=&#8220;4.17.3&#8243; _module_preset=&#8220;default&#8220; global_colors_info=&#8220;{}&#8220;][et_pb_text _builder_version=&#8220;4.27.4&#8243; _module_preset=&#8220;default&#8220; hover_enabled=&#8220;0&#8243; global_colors_info=&#8220;{}&#8220; sticky_enabled=&#8220;0&#8243;]<\/p>\n<h5><span style=\"text-decoration: underline;\">Hallenzeit <\/span>:<\/h5>\n<ul>\n<li>Dienstag : 20.00\u2013 22.00 Uhr<\/li>\n<li>Mittwoch : 20.00 &#8211; 22.00 Uhr<\/li>\n<\/ul>\n<p>Die Gruppen k\u00f6nnen noch neue Mitglieder aufnehmen.<\/p>\n<p>[\/et_pb_text][\/et_pb_column][et_pb_column type=&#8220;1_3&#8243; _builder_version=&#8220;4.17.3&#8243; _module_preset=&#8220;default&#8220; global_colors_info=&#8220;{}&#8220;][et_pb_text _builder_version=&#8220;4.21.0&#8243; _module_preset=&#8220;default&#8220; link_option_url=&#8220;Sporthalle Humboldtstr. 30 (Google Maps)&#8220; link_option_url_new_window=&#8220;on&#8220; global_colors_info=&#8220;{}&#8220;]<\/p>\n<h5>Halle :<\/h5>\n<ul>\n<li>Humboldstr. 30<\/li>\n<li>Humboldstr. 30<\/li>\n<\/ul>\n<p>[\/et_pb_text][\/et_pb_column][\/et_pb_row][\/et_pb_section]<\/p>\n","protected":false},"excerpt":{"rendered":"<p>BLOCKBUSTERWir sind eine spielfreudige und erfahrene Mannschaft, wo der Spa\u00df am Sport im Vordergrund steht. An Spieltagen sind wir ehrgeizig, aber im Training k\u00f6nnen wir auch mal F\u00fcnfe gerade sein lassen und nach dem Aufw\u00e4rmen direkt losspielen. Das Team besteht aus erfahrenen Spieler*innen und ein paar wenige Newbys mit Talent f\u00fcr Sport. Das Team nimmt [&hellip;]<\/p>\n","protected":false},"author":2,"featured_media":0,"parent":0,"menu_order":0,"comment_status":"closed","ping_status":"closed","template":"","meta":{"_et_pb_use_builder":"on","_et_pb_old_content":"","_et_gb_content_width":"","footnotes":""},"class_list":["post-1692","page","type-page","status-publish","hentry"],"_links":{"self":[{"href":"https:\/\/htbu-ev.de\/htvb\/wp-json\/wp\/v2\/pages\/1692","targetHints":{"allow":["GET"]}}],"collection":[{"href":"https:\/\/htbu-ev.de\/htvb\/wp-json\/wp\/v2\/pages"}],"about":[{"href":"https:\/\/htbu-ev.de\/htvb\/wp-json\/wp\/v2\/types\/page"}],"author":[{"embeddable":true,"href":"https:\/\/htbu-ev.de\/htvb\/wp-json\/wp\/v2\/users\/2"}],"replies":[{"embeddable":true,"href":"https:\/\/htbu-ev.de\/htvb\/wp-json\/wp\/v2\/comments?post=1692"}],"version-history":[{"count":3,"href":"https:\/\/htbu-ev.de\/htvb\/wp-json\/wp\/v2\/pages\/1692\/revisions"}],"predecessor-version":[{"id":3334,"href":"https:\/\/htbu-ev.de\/htvb\/wp-json\/wp\/v2\/pages\/1692\/revisions\/3334"}],"wp:attachment":[{"href":"https:\/\/htbu-ev.de\/htvb\/wp-json\/wp\/v2\/media?parent=1692"}],"curies":[{"name":"wp","href":"https:\/\/api.w.org\/{rel}","templated":true}]}}